 Let w be m(8). Calculate the highest common divisor of w and 18.
2
Let x(o) be the first derivative of o**2/2 + 88*o + 2. Let r be x(0). Let p = -9 + 17. What is the highest common factor of p and r?
8
Let a = 121 + -79. Let w = 5 + 1. What is the greatest common factor of a and w?
6
Suppose -f + 71 - 1 = 0. Let p be (-21)/2*((-112)/(-12))/(-7). Calculate the greatest common divisor of p and f.
14
Let a = 11 - 3. Calculate the greatest common factor of a and 32.
8
Suppose 0 = 2*d - 3 - 3. Let n(z) = -25*z + 3. Let w be n(-1). Let j = -26 + w. Calculate the greatest common factor of j and d.
1
Let u(i) = i**2 - 2*i + 1. Let l be u(3). Let o = -5 - -1. Let p = o - -10. What is the highest common divisor of l and p?
2
Let f be (-3648)/(-30) - 6/10. What is the highest common factor of f and 11?
11
Suppose -6*q + 11 + 121 = 0. Calculate the greatest common factor of q and 2.
2
Let p be (-4)/3*(-27 + 3). Calculate the greatest common divisor of 8 and p.
8
Suppose 4*u = 295 + 321. Calculate the greatest common divisor of 14 and u.
14
Let p = 6 - 9. Let z = 13 + p. Suppose 4*m - 3*m = 25. What is the highest common divisor of z and m?
5
Let r = -7 + 8. Let c(d) = 3*d**3 - d**2 + d. Suppose -4*z = 4*k - 15 - 1, -5*z = -3*k - 12. Let x be c(k). Calculate the greatest common divisor of x and r.
1
Let i(h) = -h**3 - 16*h**2 + 13*h - 25. Let f be i(-17). What is the greatest common factor of f and 344?
43
Let f = -1 - 0. Let a be f*(2*-3 - -1). Let z = 7 - a. Calculate the greatest common divisor of 2 and z.
2
Suppose a - g = 207, 5*a + 3*g - 2*g = 1047. Suppose -5*b + 95 = 5*i, b - 34 = 5*i - 129. What is the highest common divisor of a and i?
19
Let s(n) = -n**2 - 6*n + 2. Let i be s(-4). What is the greatest common divisor of i and 2?
2
Suppose 4*h = 4*v + 36, -4*h - 4 = -0*h. Let i be 4/v - 992/(-5). Calculate the greatest common divisor of i and 18.
18
Suppose 0 = -2*p - 4*j + 104, -p + 35 = -j - 23. Let k be 11/(-5) + 3/15. Let a be 14*1*(3 + k). Calculate the greatest common divisor of a and p.
14
Let p(h) = -h + 4. Let o be p(0). Suppose 0 = o*d - d - 3. Calculate the highest common factor of d and 9.
1
Suppose 2*y - 2*d + 8 = 0, -2*d - 16 = y - 6*d. Suppose y*c + 2*c = 54. Calculate the highest common factor of c and 18.
9
Let w = 12 - 6. Let g be 2 + -1 + w + 1. What is the greatest common factor of 8 and g?
8
Suppose 0 = -4*c + x - 77, -4*c + x - 71 = -2*x. Let g = -13 - c. Suppose 0*k = -3*k + 210. Calculate the greatest common factor of g and k.
7
Let o = -42 + 63. What is the highest common factor of o and 3?
3
Let p = -15 - -65. What is the greatest common factor of 125 and p?
25
Let y = 109 + -60. Suppose y - 1 = 3*h. What is the highest common factor of h and 8?
8
Suppose -4*l + 111 = -2*x + 7*x, 0 = l - 4. Let f(g) = g**2 + 9*g + 24. Let z be f(-13). What is the highest common factor of z and x?
19
Let h(j) = j - 1. Let q(k) = -6*k - 7. Let s(w) = -2*h(w) - q(w). Let o be s(9). What is the highest common factor of 5 and o?
5
Let i be -1*(-1)/(1/1). Let p = 4 + i. Suppose 5*t + 3*f - 46 = t, -3*t = 3*f - 36. What is the greatest common divisor of t and p?
5
Let m(l) = -3*l**3 + l**2 + 3*l + 2. Let g be m(-4). Calculate the highest common divisor of g and 22.
22
Let d be 3/(-48)*2 - (-17)/8. What is the greatest common factor of 2 and d?
2
Let d(p) = p**3 - 3*p**2 - 8*p + 3. Let q be d(5). Suppose q + 7 = -4*s. Let o = 9 + s. Calculate the highest common divisor of 32 and o.
4
Suppose 2*a = -2*a + 24. Let b(q) = -q**2 + 8*q + 3. Let u be b(a). Let m be 5/u + 328/6. Calculate the greatest common divisor of 5 and m.
5
Let g = 4 - -4. Calculate the highest common factor of g and 72.
8
Suppose -42 - 465 = -13*q. Calculate the highest common factor of 6 and q.
3
Suppose 0 = -11*i + 12*i - 1, -3*t = 5*i - 197. Suppose n - 17 = -1. Calculate the highest common factor of n and t.
16
Let x be (4/6)/((-2)/(-6)). Suppose -32 = -i - 3*i - o, -16 = -2*i - 5*o. Let m = -6 + i. What is the highest common divisor of m and x?
2
Suppose 3*x = 3*r - 3, -6*x - r + 21 = -2*x. Let u(f) = f - 24. Let d be u(23). Let c = x + d. What is the greatest common factor of c and 3?
3
Suppose 4*t = -3 + 15. Suppose 6 = 2*s - t*s. Let k be (-26)/(-6) + 2/s. Calculate the highest common divisor of 12 and k.
4
Let w be 147/(-28)*8/(-3). Suppose -5*f = -5 - 5. Calculate the greatest common factor of f and w.
2
Suppose a = -5, 0*a - a = -5*j + 25. What is the greatest common divisor of 64 and j?
4
Let f = -18 + 30. What is the greatest common divisor of 36 and f?
12
Let s = 3 + 53. Calculate the greatest common divisor of 8 and s.
8
Suppose 5*n = 6*n - 81. Let r(z) = -2*z + 3. Let t be r(-3). Calculate the greatest common divisor of n and t.
9
Suppose 1 = -3*w + 4*w. Let p(j) = 5*j - 9. Let x be p(6). Let h be (3 - w)*(-1 + x). What is the greatest common factor of 10 and h?
10
Let j(l) = 7*l. Let w be j(1). Let s be (-3)/(-3)*7*7. Calculate the greatest common divisor of w and s.
7
Let q be 2 - (-2)/2 - -90. Suppose -2*j + 147 = -q. Suppose 2*z - j = -z. Calculate the greatest common divisor of 5 and z.
5
Let r = -67 - -95. Let w = 113 + -57. What is the greatest common divisor of r and w?
28
Suppose -178 + 52 = -2*w. What is the highest common divisor of w and 27?
9
Suppose 24*h = 22*h + 126. Calculate the greatest common factor of h and 18.
9
Let l be (-11)/(-2) - (-2)/4. Suppose -2*q = -l - 2. Let i(y) = -y**2 + 6*y - 6. Let w be i(q). Calculate the greatest common factor of w and 3.
1
Suppose -f - 2*f = 36. Let i = f - -24. Let c(g) = g + 6. Let n be c(-3). What is the highest common divisor of i and n?
3
Let g be -34*(-1 - -3)*-2. Suppose -2*d = -3*d - u + 24, 3*u = 5*d - g. Suppose 0*t = -t + d. What is the highest common factor of t and 65?
13
Suppose 0 - 3 = 3*i. Let h be -78 - (i/(-1) + -2). Let p = h + 137. What is the greatest common divisor of 24 and p?
12
Let q = -17 + 29. Let n be 42/(0 + 8/q). What is the highest common divisor of n and 7?
7
Suppose 3*q + 8 = 7*q, 662 = 5*p + q. Calculate the highest common divisor of p and 12.
12
Let f(y) = -2*y - 9. Let k be f(-8). Let o(q) = 3*q**2 - 15*q - 2. Let v be o(k). What is the highest common divisor of v and 16?
8
Let n(j) = 30*j + 1. Let w be n(4). What is the greatest common factor of w and 11?
11
Suppose -32 = -4*o + 4*i, 2*o = o - i. Suppose -2*a = o*z - 37 + 3, 5*a - 85 = -3*z. What is the highest common divisor of 119 and a?
17
Let d = 41 - 25. Calculate the highest common factor of 176 and d.
16
Suppose 0*s + 10 = 5*s. Let c = 15 - 13. Calculate the greatest common divisor of c and s.
2
Let s be (-45)/(-2) + 11/22. What is the greatest common divisor of 161 and s?
23
Let d(q) = 136*q. Let r be d(-2). Let s = -192 - r. Let f(h) = 3*h - 2. Let c be f(6). Calculate the greatest common divisor of s and c.
16
Suppose q = -4*q + 1620. Let b = q - 194. Calculate the highest common factor of b and 13.
13
Let s be ((-22)/3)/(6/(-9)). Suppose 65 = t + 3*v, -4*t + 5*v + 316 = 3*v. Calculate the highest common divisor of t and s.
11
Let d(g) be the second derivative of g**3/2 - 7*g**2/2 + 3*g. Let r be d(6). Calculate the greatest common factor of r and 11.
11
Suppose 0 = -3*b + v + 274, -2*b - 3*v + 183 = -4*v. What is the highest common factor of b and 13?
13
Suppose 22 = 5*a + 2*v, 0 = a - 2*v - v - 1. What is the greatest common factor of a and 28?
4
Let f be 107 + (-4 - 21/(-3)). What is the highest common factor of 10 and f?
10
Let z be (-5 + 1)/(3 - 2). Let k(n) = -6*n - 4. Let v be k(z). What is the greatest common divisor of v and 120?
20
Suppose g = -5*o - 5 - 19, 0 = o. Let w = 40 + g. Calculate the highest common factor of 24 and w.
8
Suppose -3*o + v = -o - 12, 4*o = 3*v + 28. Let q be (-170)/(-7) - o/14. What is the highest common factor of 12 and q?
12
Suppose 2*k + 68 = -2*k. Let t = k + 29. Calculate the highest common factor of 18 and t.
6
Let b(o) = o**2 + o + 6. Let x be b(7). Suppose 4*r - 84 = -2*p, -r - x = -p + r. Calculate the greatest common divisor of 13 and p.
13
Let s = 1579 - 985. Let u be (4/(-6))/((-6)/s). What is the highest common divisor of 44 and u?
22
Let k(i) = 5*i**2 - 4*i + 4. Let o(m) = 14*m**2 - 12*m + 11. Let v(b) = -11*k(b) + 4*o(b). Let n be v(-2). What is the highest c